(s).
1
Let o(c) = -2*c**3 - 13*c**2 - 23*c - 14. Let s be o(-4). Let g be -2 - ((3 - 1) + -2). Let i be (s + 5)/((-3)/g). Let w(r) = 2*r**2 - 1. What is w(i)?
7
Let j(y) be the first derivative of y**3 - 3*y**2/2 - 3*y + 2. Let g(f) = 15*f + 31. Let m be g(-1). Let z be -4 - 4/m*0 - -2. Give j(z).
15
Let k = 17320 + -17335. Let c(x) = -x**2 - 13*x + 12. What is c(k)?
-18
Let x(b) = -36*b - 4. Let r be 9*6/(-6) + 9. Give x(r).
-4
Suppose 4*z = z - 9. Let h be 5*(-50)/(-4) - (-126)/(-84). Let l(n) = -5*n**3 + 6*n**3 + 4 - 56*n + h*n + 4*n**2. Determine l(z).
-2
Suppose 5*y - j - 16 - 8 = 41, 0 = -3*j. Let x(n) be the first derivative of y + 0*n + 3*n**2 + 1/3*n**3. Give x(-5).
-5
Let y(k) = 42*k - 92. Suppose 5*b = 2*g + 22, 3 = -b + g + 11. What is y(b)?
-8
Let m(l) = -l + 4. Let r be (-7 - (-120)/16)*6. Suppose 0 = -r*p - 42 + 39. Calculate m(p).
5
Let r(n) be the first derivative of -9*n**3 - n + 13. Suppose w - l + 7 - 8 = 0, -9 = -w + 5*l. Give r(w).
-28
Let q(f) be the second derivative of -f**3/6 - 5*f**2/2 - 8*f + 11. Let y(k) = -k. Let l(a) = q(a) - 2*y(a). Determine l(15).
10
Let u be 8/((1 + 40/(-8))/(-7)). Let t(j) = j**3 - 11*j**2 - 42*j - 5. Give t(u).
-5
Suppose -j = 2 + 4. Let o(g) be the third derivative of -g**4/24 - 7*g**3/6 + g**2 + 93. Give o(j).
-1
Let q(j) = -4*j - 18 + j**3 + 169*j**2 - 67*j**2 - 108*j**2. Determine q(7).
3
Let m(x) = x**2 + x + 1. Suppose -85*n + 397 = -198. What is m(n)?
57
Let u(p) = p**2 - 9*p - 64. Let o be u(14). Let d be 550/(-150) + (10/o - 1). Let z(f) = 2*f**2 + 5*f + 9. Determine z(d).
12
Let v(a) = a - 13. Let p be v(5). Let u = 11 + p. Let z(x) = x**2 + 1 - u - 6 - 3*x + 3. Calculate z(4).
-1
Let l = 14152 + -14148. Let v(x) = -x**3 + 6*x**2 - 10*x + 6. Calculate v(l).
-2
Let a(p) = -2*p**2 + p - 1. Let q(d) = -d + 13. Let c be q(13). Suppose 3*u = 4*l + l - 12, -3*u - 4*l + 15 = c. Let v be (5 - u)/(-4 + 2). Calculate a(v).
-11
Let v be 22/(-8) - (-5940)/880. Let z(k) = -9*k + 41. Determine z(v).
5
Let j(s) be the second derivative of -s**3/3 + 3*s**2/2 - s. Let x(c) = 10*c**2 + 4*c - 7. Let t be x(2). Let f = t - 37. Determine j(f).
-5
Let g(x) = 32*x - 1. Let v(p) = p**2 + 181*p + 25. Let s(q) = 6*g(q) - v(q). Give s(5).
-1
Let b(s) = s**2 - 7*s. Let p be (-3)/3 + 18 + 1. Let l(n) = 4*n. Let i be l(3). Suppose -m - i = -p. What is b(m)?
-6
Let u be 3/1 - (-6 - 5). Let z(o) be the second derivative of -o**4/12 + 7*o**3/3 - 3*o**2/2 - 2*o - 3473. Calculate z(u).
-3
Let s = 314 + -441. Let u = s - -133. Let t(b) = -7*b**2 + 5*b + b**3 - 2*b + 2 + 0. Give t(u).
-16
Let s(p) be the second derivative of p**5/4 - p**4/6 - 5*p**3/6 + 4*p**2 + 1076*p. Determine s(2).
30
Let f be (9/(-5))/(1/(-5)). Let v be (-3)/f + 14/(-3). Let c(n) be the second derivative of -n**5/20 - 5*n**4/12 - n**3/6 - 2*n**2 + 5*n - 277. Calculate c(v).
1
Let o be 1*(-7)/7*0. Let l(d) = 2 + 21 + 2 + 2*d + o*d**2 - d**2. Determine l(6).
1
Let n(c) = 5*c + 4. Let r be 14/4 - ((-65)/(-10))/(-13). Suppose -t + r*k = 3*k + 10, 5*k = t + 26. Calculate n(t).
-26
Let k(d) = d + 2. Let n be k(2). Let b(v) = v**3 + 24*v**2 + 21*v - 45. Let w be b(-23). Let i(q) = 16404*q + w - 3 - 16402*q. Determine i(n).
6
Suppose 0 = -289*t + 295*t - 12. Let g(y) = -3 - 2 + 6*y - 3*y - t*y. Give g(8).
3
Suppose 0 = 33*w - 32*w - 7. Let v(l) = l - 2. Let y be v(w). Let x(u) = u**3 - 5*u**2 + 2*u + 3. What is x(y)?
13
Let y(n) = -4*n**3 - 30*n**2 + 8*n - 73. Let l be y(-8). Let s(a) = -a**2 - 3*a + 23. Determine s(l).
-31
Let p(m) = -4 + 15 + 2 + 9 - 354*m + 365*m. Determine p(-3).
-11
Suppose -5*k = o - 44, 0*k - 2*k - 85 = -5*o. Let m = o - 17. Let v(n) = 7*n**m + n**3 - 11 - 9*n**2 + 3*n**2 - n. What is v(0)?
-11
Let n(p) = -2*p**3 + p**3 - 7*p**3 + p. Suppose b + 4*d = 5*b - 24, -2*d - 27 = -5*b. Suppose -b = -170*m + 165*m. Determine n(m).
-7
Let u(n) = -n - 8. Suppose 16*b - 4 = 76. Suppose p + 23 - 2 = -4*x, -3*p = b*x + 28. Give u(x).
-3
Let i(s) = 2*s**2 + 2*s + 1. Let l be 14*(6 + 2*(-1 - 0)). Let g be -5 + (l/4)/2. Determine i(g).
13
Let v = -13068 + 13078. Let y(r) = -r**3 + 16*r**2 - 60*r - 13. Calculate y(v).
-13
Let c(r) be the second derivative of 13/2*r**2 + 0 - 1/3*r**3 + 115*r. Calculate c(9).
-5
Let x(h) = -2*h - 2. Suppose -5*w + 5*k = -40, -4*w - 5*k = 7 - 3. Let c = -43 + 45. Suppose d = u + c, w*u - 2 + 10 = d. What is x(u)?
2
Let x(y) = -19*y**3 - 13*y**2 - 22*y + 72. Let g(b) = 12*b**3 + 9*b**2 + 14*b - 47. Let d(k) = -8*g(k) - 5*x(k). Determine d(-4).
-24
Let s(r) = -r**2 + r + 2. Let m be s(4). Let u(x) be the first derivative of -x**4/4 - 11*x**3/3 - 11*x**2/2 - 2*x + 31475. Determine u(m).
8
Suppose 3*y - 22 = 4*d, y + 20*d - 22*d = 10. Let v(r) = y + 7 - r**3 + 2*r - 12 - 6*r**2. Determine v(-6).
-15
Suppose 0 = x + 47 - 50. Suppose -b = x, -c - 3*b - 3 - 4 = 0. Let s(v) = 0*v**2 - c + 2*v**2 + 0*v**3 - v**3 - v + 2*v**3. Determine s(-3).
-8
Let j be (7/(-2))/(((-150)/12)/(-25)). Let w(f) = -63*f - 448. Give w(j).
-7
Let x(v) = 9*v**2 + 56*v + 7. Suppose 0 = -2*d - g - 2*g - 9, 0 = d + 3*g + 3. Determine x(d).
-5
Let a(z) = 3*z - 22. Suppose 14*k - 9*k + 35 = 2*v, 0 = 4*v + k - 37. Suppose 538*r - v = 536*r. What is a(r)?
-7
Suppose 11*s - 689 = -2*s. Let l = -51 + s. Let n(k) = -6*k**2 + 4*k. Let t(g) = 4*g**2 - 3*g. Let i(a) = 5*n(a) + 7*t(a). What is i(l)?
-10
Let p(y) = 245*y**2 - 10*y - 724*y**2 + 238*y**2 - 22 + 240*y**2. Determine p(-9).
-13
Let p(l) = -14*l**2 - 84*l - 52. Let a be p(-5). Let k(g) = g - 30. Give k(a).
-12
Let r(d) = -2*d**3 + 7*d**2 - 2*d - 10. Suppose -15*f + 84 + 54 = 78. Give r(f).
-34
Let f(b) be the first derivative of -39 - b - 5/2*b**2 + 1/3*b**3. Give f(5).
-1
Suppose -2*z + 3*z + 2*c = 18, c - 99 = -5*z. Let m = 23 - z. Let q(f) = 0*f - 16 + 14 - m*f. Calculate q(2).
-8
Let c(j) = -50*j - 100. Suppose -2*f + 16 = -5*a, -f - 2*a + 3*a + 2 = 0. Let v be c(f). Let g(m) = -m**2 - m + 3. What is g(v)?
3
Let q(f) = 917*f**2 + 19*f - 67. Let j(b) = -319*b**2 - 7*b + 23. Let i(t) = -23*j(t) - 8*q(t). Let d(h) = h**3 - 3*h**2 - h - 3. Let k be d(3). What is i(k)?
-11
Let q(m) = -m - 131. Let w(i) = 14. Let a(d) = -q(d) - 3*w(d). Determine a(0).
89
Suppose -33 - 40 + 25 = 2*j. Let z(y) = 2*y**3 + 48*y**2 - 2*y - 37. What is z(j)?
11
Suppose -2*k + 94*z - 99*z - 34 = 0, 0 = k + 4*z + 23. Let m(x) = -9*x - 56. Determine m(k).
7
Let u(k) = -k**2 - 6*k - 1. Let i = 30 - 18. Suppose -2*v = -i*v - 50. Determine u(v).
4
Let m(r) = 4*r. Let d be m(-16). Let w = 71 + d. Let j(i) = 2*i + 1 + 0 - 1 + i**2 - w. What is j(-5)?
8
Let m(w) = -2*w - 1. Let v = 13 - 5. Suppose 0 = v*j - 5*j - 6. Suppose d = j*z + 4*d - 11, 2*d = -2*z + 10. Calculate m(z).
-9
Let a(s) = -4*s + 1. Suppose 0 = -11*v + 12*v. Let t(m) = -13*m + 0 + 16*m - 2 + v. Let l(q) = -2*a(q) - 3*t(q). Give l(5).
-1
Let q(g) be the second derivative of g**6/360 - g**5/40 - 7*g**4/12 + 57*g**3/2 - 155*g. Let n(b) be the second derivative of q(b). Give n(6).
4
Suppose 12*b = 8*b + 20. Suppose y + b*z = 6*z + 1, 5*z + 15 = 0. Let k(h) = h**3 - h**2 - h + 1. Calculate k(y).
-9
Let n(h) be the second derivative of 3*h**2 + 0 - 1/6*h**3 - 5*h. Let p = -148 - -151. Give n(p).
3
Let j be ((-4 - 1) + 5)/(-1). Suppose 13*b + 12*b - 125 = j. Let x(c) = -c**2 + 8*c - 6. Give x(b).
9
Suppose -4*v - s = -42, 3*v - 14*s - 22 = -10*s. Suppose 0 = 5*k - v, -3*i - 6*k + 8*k + 2 = 0. Let n(d) = 6*d**2 + 2*d - d**2 - 2*d**2 - d**3. What is n(i)?
8
Let m(x) = -x**3 - 5*x**2 + 7*x + 9. Let w be m(-6). Let o be (-10)/(-6)*-1*w. Let y(a) = 3*a. Let j(i) = 6*i - 7. Let p(l) = -j(l) + 3*y(l). Determine p(o).
-8
Let i(v) be the second derivative of -2*v**4/3 + v**3/2 - 2*v**2 + 5572*v. Give i(3).
-67
Let k(t) = 39*t + 219 - 398 - 107 - 45*t. Give k(-49).
8
Let h(g) = g**2 + 2*g - 13. Suppose 15*n = 5*n + 80. Let x be 0*1*(-4)/n. Calculate h(x).
-13
Let g(f) = -f**2 + 4*f + 10. Let z = 41 + -41. Let n be g(z). Suppose 5*d + n + 15 = 0, -13 = 2*c + 3*d. Let k(u) = u**3 + u**2 - u + 1. Determine k(c).
2
Let v(s) = 2*s**3 - 10*s**2 + 10*s + 7. Let l(b) be the second derivative of -b**5/20 - b**3/6 + 116*b. Let g(i) = -l(i) - v(i). Calculate g(9).
-7
Let v(y) = -11*y + 4. Let x(o) = 113*o + 1800. Let n be x(-16). Determine v(n).
92
Let r(k) = -k**3 - 9*k**2 + 9*k - 11. Let 